{"id":2,"date":"2019-01-29T18:34:25","date_gmt":"2019-01-29T18:34:25","guid":{"rendered":"https:\/\/detectivesprivadosdeinfieles.com\/\/?page_id=2"},"modified":"2021-06-12T16:59:34","modified_gmt":"2021-06-12T16:59:34","slug":"inicio","status":"publish","type":"page","link":"https:\/\/detectivesprivadosdeinfieles.com\/","title":{"rendered":"INICIO"},"content":{"rendered":"<div  id=\"video-background-1\" class=\"ui--video-background-wrapper fullwidth-content clearfix color--dark\" style=\"margin-top: -30px;\"><div class=\"ui--video-background-holder\"><div  class=\"ui--video-background-video hidden-phone \"><\/div><div  class=\"ui--video-background\"><div class=\"ui--gradient\"><\/div><\/div><\/div><div  class=\"ui--section-content container clearfix\"><div  class=\"ui--icon-box position--left\"><div  class=\"ui--icon-box-content\"><h1 class=\"ui--icon-box-title ui--animation text-center\" data-fx=\"fx--no-effect\"><span  style=\"color: #ffffff;\">\u00bfSi tienes dudas y sospechas que tu pareja te es infiel? llamanos<\/span><\/h1><\/div><\/div><div class=\"ui-row row\">\n <div   class=\"ui-column span6\"><div  class=\"ui--icon-box position--left\"><div  class=\"ui--icon-box-content\"><h3 class=\"ui--icon-box-title ui--animation text-left\" data-fx=\"fx--no-effect\"><span  style=\"color: #ffffff;\">Nos especializamos en seguimiento y vigilancia de personas, obtenci\u00f3n de pruebas de infidelidad y\/o adulterio asi como de actos delictivos.<\/span><\/h3><\/div><\/div><\/div> \n\n <div   class=\"ui-column span6\"><div  class=\"ui--icon-box position--top\"><div  class=\"ui--icon-box-content\"><h1 class=\"ui--icon-box-title ui--animation text-center\" data-fx=\"fx--no-effect\"><span  style=\"color: #ffffff;\"><span style=\"color: #ffffff;font-size: 39px;\">923624513<\/span><\/span><\/h1><\/div><\/div><div  class=\"ui--icon-box position--top\"><div  class=\"ui--icon-box-content\"><h3 class=\"ui--icon-box-title ui--animation text-center\" data-fx=\"fx--no-effect\"><span  style=\"color: #ffffff;\"><span style=\"color: #ffffff;font-size: 39px;\">01-7916195<\/span><\/span><\/h3><\/div><\/div><\/div> \n\n<\/div> \n<\/div><\/div><div class=\"ui--title ui--animation ui--title-bordered-bottom text-center\" style=\"margin-top: 30px;  margin-bottom: 65px;\"><div class=\"ui--title-holder\"><h2 class=\"ui--title-text\"> DETECTIVES PROFESIONALES , PRUEBAS CONTUNDENTES : FOTOS , VIDEOS  , SPIONAJE DE TODO TIPO DE CELULARES ( TRABAJOS ESPECIALES Y CONFIDENCIALES )<\/h2><\/div><div style=\"border-color: #148ed5 !important;  border-width: 3px;\" class=\"ui--title-borders ui--title-border-bottom\"><\/div><\/div><div class=\"ui-row row\">\n <div   class=\"ui-column span2\"><div class=\"auto-format ui--animation\"><\/div><\/div> \n\n <div   class=\"ui-column span8\"><div  class=\"ui--icon-box position--left\"><div  class=\"ui--icon-box-content\"><div  class=\"ui--animation ui--icon-box-text text-left\" data-fx=\"fx--no-effect\"><p>Detectives profesionales de investigaciones privadas, conformado por <strong>MUJERES Y VARONES<\/strong> altamente entrenados ,<strong> CIVILES Y MILITARES  .<\/strong><\/p>\n<p>Realizamos trabajos de seguimiento en casos de:<strong> INFIDELIDAD DE PAREJAS, UBICACI\u00d3N DE PERSONAS, COMPETENCIA INDUSTRIAL, CONDUCTAS DUDOSAS .<br \/>\n<\/strong><br \/>\n<strong>DESCUBRA LA VERDAD:<\/strong><\/p>\n<\/div><\/div><\/div><ul class=\"ui--list list-font-icon parent-1\"><li class=\"child-1 total-3 ui--animation\"><i class=\"list-icon 14px fontawesome-chevron-sign-right\" style=\"color: #148ED5 !important;\"><\/i>Utilizamos tecnolog\u00eda de \u00faltima generaci\u00f3n.<\/li><li class=\"child-2 total-3 ui--animation\"><i class=\"list-icon 14px fontawesome-chevron-sign-right\" style=\"color: #148ED5 !important;\"><\/i>Informe de conductas dudosas por ejemplo: vicios, enga\u00f1os, adulterio, bigamia.<\/li><li class=\"child-3 total-3 ui--animation\"><i class=\"list-icon 14px fontawesome-chevron-sign-right\" style=\"color: #148ED5 !important;\"><\/i>Ofrecemos resultados positivos y exactos para nuestros clientes.<\/li>  <\/ul><\/div> \n\n<\/div> \n<div class=\"ui--title ui--animation ui--title-bordered-bottom text-center\" style=\"margin-top: 30px;  margin-bottom: 65px;\"><div class=\"ui--title-holder\"><h2 class=\"ui--title-text\">Si usted sospecha que le est\u00e1n siendo infiel Ll\u00e1menos!!!  Obtenga pruebas contundentes: fotos, videos.informe de celulares.<\/h2><\/div><div style=\"border-color: #148ed5 !important;  border-width: 1px;\" class=\"ui--title-borders ui--title-border-bottom\"><\/div><\/div><h2 id=\"custom-title-h2-1\" class=\"ui--animation \" style=\"text-align: center; \">Nuestro lema es \u201cHonor y lealtad\u201d<br>LIMA CERCADO - PER\u00da<\/h2><h2 id=\"custom-title-h2-2\" class=\"ui--animation \" style=\"text-align: center; \">TABAJOS NACIONALES E INTERNACIONALES<\/h2><div class=\"ui--image-wrap clearfix\" style=\"margin-top: 40px;  margin-bottom: 60px;\"><img decoding=\"async\"  id=\"ui--image-1\" class=\"ui--image ui--animation\" src=\"https:\/\/detectivesprivadosdeinfieles.com\/wp-content\/uploads\/2019\/11\/Slider_detective.jpg\" alt=\"Slider_detective\" title=\"Slider_detective\" data-at2x=\"\"\/><\/div>","protected":false},"excerpt":{"rendered":"<p>\u00bfSi tienes dudas y sospechas que tu pareja te es infiel? llamanos Nos especializamos en seguimiento y vigilancia de personas, obtenci\u00f3n de pruebas de infidelidad y\/o adulterio asi como de actos delictivos. 92362451301-7916195 DETECTIVES PROFESIONALES , PRUEBAS CONTUNDENTES : FOTOS , VIDEOS , SPIONAJE DE TODO TIPO DE CELULARES ( TRABAJOS ESPECIALES Y CONFIDENCIALES ) [&hellip;]<\/p>\n","protected":false},"author":1,"featured_media":0,"parent":0,"menu_order":0,"comment_status":"closed","ping_status":"closed","template":"","meta":{"footnotes":""},"_links":{"self":[{"href":"https:\/\/detectivesprivadosdeinfieles.com\/index.php\/wp-json\/wp\/v2\/pages\/2"}],"collection":[{"href":"https:\/\/detectivesprivadosdeinfieles.com\/index.php\/wp-json\/wp\/v2\/pages"}],"about":[{"href":"https:\/\/detectivesprivadosdeinfieles.com\/index.php\/wp-json\/wp\/v2\/types\/page"}],"author":[{"embeddable":true,"href":"https:\/\/detectivesprivadosdeinfieles.com\/index.php\/wp-json\/wp\/v2\/users\/1"}],"replies":[{"embeddable":true,"href":"https:\/\/detectivesprivadosdeinfieles.com\/index.php\/wp-json\/wp\/v2\/comments?post=2"}],"version-history":[{"count":3,"href":"https:\/\/detectivesprivadosdeinfieles.com\/index.php\/wp-json\/wp\/v2\/pages\/2\/revisions"}],"predecessor-version":[{"id":24,"href":"https:\/\/detectivesprivadosdeinfieles.com\/index.php\/wp-json\/wp\/v2\/pages\/2\/revisions\/24"}],"wp:attachment":[{"href":"https:\/\/detectivesprivadosdeinfieles.com\/index.php\/wp-json\/wp\/v2\/media?parent=2"}],"curies":[{"name":"wp","href":"https:\/\/api.w.org\/{rel}","templated":true}]}}